 - 12) + -6?
41
What is the value of -20 - (-2 + 4) - (1570 - 1580)?
-12
What is 34 + (18 - 54) + (0 - 3) + 63 + 3?
61
39 + (-45 - (18 + -55))
31
What is -43 - 0 - ((0 - 21) + 33 - (13 - 11))?
-53
What is the value of 17 + -4 - -4 - 21 - (106 - 17)?
-93
Calculate -76 - -145 - 78 - (-131 + 1).
121
129 - (-91 - 43 - -164)
99
What is the value of (50 - -12 - -1 - (-12 - 4)) + -18?
61
What is 1 + -13 - (-54 + 19 + 47)?
-24
-15 - ((38 - -4) + 21 + (-12 - -8))
-74
What is the value of -4 - (2 + 0 - (51 + -42 + 49))?
52
What is the value of (0 - -8) + (27 - 30 - -12)?
17
Calculate -30 - -1 - (37 + -44 + 35).
-57
What is the value of -2 + -8 + (-10 - -9) + 14 + (20 - -1)?
24
(-14 - -7 - -15) + (-8 - (2 - 7) - 81)
-76
(-28 - (-61 + -28)) + -49
12
What is the value of -17 + -21 + 11 + 43 + 28?
44
Evaluate 78 - (69 - 19) - 1.
27
Evaluate 1 + 0 + 14 - (-77 + 80) - -57.
69
What is (16 + 30 - 115) + (-21 - (0 - -1))?
-91
(-3 - (2 + -25 + 21)) + -14 + -130
-145
(35 + -29 - -17) + -85 + 7
-55
Evaluate (8 - -25 - -32) + 29 - 14.
80
What is the value of 0 + (0 - 0) + -9 - (-230 + -138 - -339)?
20
Calculate 0 - 51 - ((-20 - 9 - -48) + -2 + -25).
-43
Calculate -6 - 0 - ((-23 - (18 + -34)) + 21).
-20
Calculate -14 - ((-72 - -121) + -93).
30
What is 21 + (-51 - -8) - -45?
23
What is -45 + -8 + (-5 - -23) + -5?
-40
What is -2 - ((26 - (3 + -22)) + -14 + -1)?
-32
What is (6 + -1 - 0 - (-2869 + 2816)) + (-1 - -9)?
66
-16 + -53 + 123 - 8
46
What is the value of (1606 - 1593) + -2 + -13?
-2
What is the value of 7 - 13 - 8 - (181 - 254)?
59
(-45 - 1) + -84 + 28 + 27 + 22
-53
41 + -44 + (1 - 27 - -5)
-24
What is the value of 24 - -1 - (4 + -3 + 7 + (31 - 40))?
26
-55 + 41 + 16 - -74
76
81 + (50 - -34) + -94
71
What is -73 + -84 + 76 + 71?
-10
Evaluate 23 + 13 + -41 + 12.
7
What is 52 + 122 + -24 + -106?
44
Calculate -8 + (-16 + -1 - -5 - (-90 - (-1 - -8))).
77
Calculate (-4 - -25) + -138 + 93.
-24
Evaluate -288 + 270 - (-4 + (-1 - 45)).
32
Calculate -9 + -58 + 26 + 63.
22
What is (-42 + -3 - (-7 - -7)) + 5 + 13 + -26?
-53
-28 - (-21 + (-14 - -42)) - (23 + -38)
-20
What is the value of ((-21 - -25) + 7 - 22) + -46 + 0 - -3?
-54
74 - (124 + -88) - (5 + 12)
21
Evaluate 70 - (-49 + (43 - -24)).
52
Calculate 20 - (11 - (-10 + 7 - 2)) - (-21 - 2).
27
175 + -71 + (-17 + (5 - 2) - -7) + 7
104
What is (7 - (4 + -6 - -6)) + (-35 - 0)?
-32
What is -2 + -10 + 16 - (129 + (-4 - (-18 - -10)))?
-129
2 - (-123 - -1) - (-9594 + 9598)
120
Evaluate 3 + (-34 - ((30 - 11) + -10 - 13)).
-27
What is -111 - (55 + -154) - (0 + -13 - 1)?
2
Calculate (-7 - (62 + -38 - (-2 + 94))) + (17 - 3).
75
What is the value of (-39 - (-4 - -20)) + 32?
-23
Calculate 35 + (-38 - (-243 - -118)).
122
What is 2 + 0 + (12 - -47) - -2 - 5?
58
Evaluate (10 - 7) + (-7 - (4 + -11 - (-9 - 16))).
-22
Calculate (-34 - 4) + 48 + (91 - (-5 + 7)).
99
What is 79 - 50 - -40 - 46?
23
Evaluate 72 + (-58 - -112) + -104.
22
-13 - (14 + (-7 - 8))
-12
What is (18 - 45) + 38 + -4 + 5 + 3?
15
What is the value of -362 - -309 - (7 + -4)?
-56
Calculate (2 - (47 + 25)) + 5.
-65
-507 + 516 - ((-3 - 1) + (-16 - -5))
24
Calculate 0 - -4 - (-11 + (7 - (9 + -14)) + 8).
-5
What is (-20 - -1) + (-7 + 0 - (1 - 16)) - 3?
-14
-10 + 50 + 1 + (1 + -3 - (31 - 33))
41
What is the value of -7 + 7 + (0 - -2) + -15 - (-785 - -720)?
52
What is 4 - ((8 + 4 - -12) + -28)?
8
What is -1249 + 1249 - (-1 - -94)?
-93
Evaluate (-8 - (-4 - -3) - -6) + (81 - -1).
81
What is (-2 - -54) + (24 + 33 - 64)?
45
Calculate (6 - -1) + (35 + -22 - 43).
-23
Evaluate -13 + 7 + (1 - 2) - (-203 - -114).
82
Calculate 55 + -33 + (25 - 71).
-24
What is -8 + (7 - -17) - (-2 - (16 - 16))?
18
Evaluate 1 + -16 + (8 - (2 + -44)).
35
What is the value of -54 + (53 - 19 - 22) - (0 - (1 - 0))?
-41
What is -3 - (128 - (-105 + 109))?
-127
-44 + 58 + -50 + (-4 - -35)
-5
Calculate 19 + (-41 - -20 - 3) + -3 + (58 - 2).
48
Calculate (95 - (-35 - -83)) + -21.
26
What is 35 + -68 + 20 + 2 + 12?
1
What is the value of -14 - (35 + -61 + (-5 - 24))?
41
Evaluate 0 + -11 - (-48 - (-40 - -34 - -15)).
46
Calculate (-5 - -4) + 0 + -17 + 30 - -14.
26
Calculate 68 + -75 + -28 + 50.
15
What is the value of (15 - (-17 - -14)) + 7 + -15?
10
What is the value of -1607 + 1668 - (14 - (-2 + 2))?
47
What is 8 + (0 - -33) + (-8 - (-15 + (-15 - -14)))?
49
(30 - -2) + 8 + -16 + 24
48
-112 + 1 + -10 + (-15 - -26)
-110
What is the value of 85 - (13 - ((21 - (2 + 4)) + 12))?
99
Evaluate 1 + (0 - -11) + 40 + (1 - 45) + 28.
36
-33 - (-12 - (-4 + -1) - -12) - -10
-28
Calculate (-442 - -509) + -5 + 1 + -10 + 7.
60
Calculate -14 - (-52 - -59) - (-4 - 36).
19
(5 - -5) + -26 + 37
21
What is the value of 148 - (5 + -7 - 39 - -78)?
111
Calculate -83 + (34 + -52 - (8 - (-8 + 38))).
-79
What is the value of (-9 - 9) + (-4 - 11 - (-17 + 9))?
-25
What is -8 + (51 - 1 - (20 + -34 - -16))?
40
Calculate (9 - -1 - 4) + -24 + 29 + -12 + -12.
-13
What is the value of -19 + -8 - -91 - 50?
14
What is the value of 1 - (-3 - -3) - (77 + -143 + 70)?
-3
What is 2 + -18 - (30 + 5 + 5 + -50)?
-6
-21 - 15 - -47 - (35 - (0 + -1))
-25
Evaluate 191 - 211 - (14 - -2).
-36
What is the value of -5 + (-14 - (-2 - -5 - 7) - 13)?
-28
Calculate 0 + 0 - (-104 - -116) - (4 + -15).
-1
-43 + 1 + (-9 - -18) + 23 + -52
-62
What is -20 + 7 + 1 - -45?
33
What is the value of 302 - 297 - (-15 + 3)?
17
What is the value of 3078 - 3212 - (-216 - 1)?
83
What is 29 + -99 + -5 + 40?
-35
What is the value of 4 + (-16 - (124 - 136 - (-2 + 3))) + -136?
-135
What is (5 - 15) + (129 - (-9 - -5)) + 12?
135
What is the value of -9 + (-5 - (-6 + 17 - -1 - (-51 + 137)))?
60
Evaluate 22 - (55 - (-20 + 20)) - -50.
17
2 - -3 - (-1498 + 1476)
27
Calculate 4 + (-993 - -1112 - (20 - 1)).
104
Evaluate (4 - 24) + -2 + 4 + -1 + 62.
43
What is 7 + ((66 - 102) + (72 - 0) - (7 - 0))?
36
Calculate -1 + (0 - -1) - 73 - (27263 - 27277).
-59
-36 - (-74 + 24 + -31)
45
Evaluate -28 - (-65 + 54 - -32).
-49
What is 7 + (7 - 4) + -9 + 0 + 3 - -4?
8
What is the value of -129 - (-9 - (111 - 70))?
-79
Evaluate -108 - 9 - (132 - 72 - 53).
-124
Calculate -1152 + 1194 - (46 - -1).
-5
What is 7 - 1 - (1655 - 1670)?
21
Evaluate 18 + -21 + 0 - ((-1 + 5 - 51) + 5).
39
What is 26 + -14 + (-1 + 6 - -1) + -38 + 33?
13
Evaluate 302 + -277 - (18 - 2) - (0 - (-1 + 2)).
10
What is the value of (69 - (-30 - -106)) + 45 + (0 - 1 - 0)?
37
What is 34 + (-2 - (-6 - (10 + (-8 - 4))))?
36
What is 1 - 3 - (132 - (189 + -48))?
7
Calculate -15 + (4 - (-9 + -1)) + 21 - -64.
84
-108 + ((14 - 4) + 4 + -2 - 1) + 5
-92
What is the value of -17 + 3 + 22 + -22 - (2 + (44 - 2))?
-58
-3 + 1 + -23 + 19 + 2
-4
What is the value of (3 - (-14 + 22)) + 38?
33
Evaluate -107 + (-1 - -20 - -3) + 27 + -30.
-88
Calculate 11 - (84 + -88 - (6 + -4 + -18)).
-1
Evaluate -2 + -4 + -15 + 23 + -36 + 8.
-26
Calculate 2 - (21 - 30) - 65 - -38.
-16
What is 0 - 43 - (-12 - 101)?
70
What is (5 - 3 - 1) + -25 - (-8040 + 8026)?
-10
8 + -3 - (-29 - -30) - 29
-25
What is -10 + 62 + -55 - (96 + 4 + 4 + -6)?
-101
What is the value of 7 + 15 + (20 - 15)?
27
Calculate -5 + -1 + (-493 + 505 - (-1 - -21)).
-14
Evaluate -8 + -2 + -7 + 0 + -230 + 181.
-66
2396 + -2418 + (-43 - 1)
-66
Evaluate 1 + 7 + (2 - -2) + -3 + 1259 + -1292.
-24
Evaluate (-56 - 89) + 10 + 4 + 2 + -1 + -5.
-135
Calculate 10 - (-16 + -18 + 77 + -3).
-30
-50 - (-75 - (-104 + 59))
-20
Calculate -184 + 100 - -81 - -48.
45
-36 + 31 + 39 + -40 + (0 - -5)
-1
Calculate -174 + 106 + -76 - -244.
100
What is (43 - (-7 + 46)) + -44?
-40
What is the value of 3 - (-65 + -25 + 10 + 7) - 13?
63
Calculate (-68 - -2 - -3) + -15 + (-34 - -44).
-68
Calculate (-40 - (49 - 135)) + (-15 - -5).
36
What is -222 - -213 - ((-7 - -4 - -7) + (12 - -2))?
-27
Evaluate 3 + 16 - (-10 + -36 + 17 + 15).
33
What is the value of -191 - -187 - (-5 - (-2 + -1) - 14)?
12
What is (48 - 125) + 127 + -67?
-17
What is 73 + -77 + (-179 - -104)?
-79
What is -7 + (-1 - (-17 + 78 + -2 + 0 + -6))?
-61
Calculate 25 + (-14 + -5 - (13 + -12)) + 95.
100
-487 - -529 - (3 + 10)
29
(162 - 259) + (5 + 6 - -12)
-74
(-3 - (7 + 0 + -11 + 4)) + 36 - -5
38
Evaluate (36 - (21 + -4)) + (-14 - (-4 - -13)).
-4
Calculate -1 + 2 - (11 + -61) - (-8 + 9) - -11.
61
Evaluate -172 + -11 + 55 + 7.
-121
Calculate 1393 + -1465 - (-3 + -1).
-68
What is the value of -65 